+ 2*r + 1. Let d be o(-1). Let j(y) = -y**3 - 7*y**2 - 8*y + 1. Let z be j(-6). Let p = d - z. What is the units digit of p?
6
What is the units digit of (3 + -76 - -4)*-1?
9
Let t(i) be the third derivative of i**6/120 - i**5/20 - i**4/12 - 2*i**3/3 - 5*i**2. Let j be (-6)/(-1 - 1/2). What is the units digit of t(j)?
4
Let y(z) = -4*z - 6. Suppose 1 = 2*w + 11. Let h be y(w). What is the units digit of h/4 + (-1)/2?
3
Suppose -2*b = -r - 0*r - 10, 4*b - 3*r - 24 = 0. Suppose 3*f - c = 19, -4*f = -b*c + c - 22. What is the units digit of f?
8
Let t = 0 - -15. Suppose 0 = 4*y - c - 16, -t = -y - 2*c + 5*c. Suppose 28 = 5*a - 2*q, -22 = -y*a - 5*q + 1. What is the units digit of a?
6
Suppose 3*d - 59 - 46 = 0. What is the units digit of d?
5
Suppose 281 + 83 = 2*q. What is the units digit of q?
2
Suppose -r + 5 = 0, -190 + 505 = 5*u - 5*r. What is the units digit of u?
8
Let q(y) = y**3 - y. Let t(b) = -4*b**3 + 3*b**2 + b + 1. Let g(l) = 5*q(l) + t(l). What is the units digit of g(-3)?
3
Let x be ((-26)/(-6))/(1/(-3)). Suppose -62 - 7 = -3*u. Let p = x + u. What is the units digit of p?
0
Suppose 4*c - 48 = -0. Suppose c*k - 9*k - 15 = 0. What is the units digit of k?
5
Let r(x) = 6*x - 1. Let a = 0 - 6. Let y be a/2*2/(-6). What is the units digit of r(y)?
5
Suppose -8 = -2*h - 0*h. Suppose -f = f - h. What is the units digit of 13/f - (-1)/(-2)?
6
Let a = -9 + 7. What is the units digit of 5/a*2/(-1)?
5
Let o = 51 - 1. Suppose 7*p - o = 2*p. What is the tens digit of p?
1
What is the hundreds digit of 2 + 0/(-5) - -184?
1
Let a = 14 + -8. Let b be 20/a + 4/6. Suppose 2*f + 38 = 3*r - 2*f, -18 = -r - b*f. What is the units digit of r?
4
Let p(h) = h - 1. What is the units digit of p(2)?
1
What is the tens digit of -4 + 6/((-18)/(-255))?
8
Let z(o) = -2*o - 11. Let g be z(-8). Let l(d) = -d**3 + 6*d**2 - 5*d + 1. What is the units digit of l(g)?
1
Suppose -5*l + 901 + 89 = 0. What is the hundreds digit of l?
1
Suppose 21*s = 22*s - 38. What is the tens digit of s?
3
Let o be 1 - 2 - -3 - 0. Let f = o - 2. What is the units digit of -3 - -4 - (-4 + f)?
5
Let j(w) = w + 6. Let p be j(-6). Suppose 13 = b + 3*g, p*g + 33 = 2*b - g. What is the units digit of b?
6
Let i = -15 - -59. Suppose -4*j - 3*f = -62, 5*j + f - 39 - i = 0. Suppose -1 = t - j. What is the tens digit of t?
1
Let q(p) = p + 8. Suppose 2*z + 2*z - 5*s = -1, 0 = z - s - 1. What is the units digit of q(z)?
4
Suppose 0 = -0*p + 2*p - 82. What is the units digit of p?
1
Suppose 8*c = 138 + 174. What is the tens digit of c?
3
Let d(h) = 3*h**2 + h**3 - 3*h**2 - 4*h + 3*h**2 + 3. Let b be d(-4). Suppose 0 - 3 = -b*w. What is the units digit of w?
1
Suppose -2*s = 320 - 806. What is the hundreds digit of s?
2
Let f(p) = p**3 - p**3 - 5*p**2 + 2*p + 1 + p**3 - p. Let j be f(5). Suppose -40 = k - j*k. What is the units digit of k?
8
Let z = 70 + -36. What is the units digit of z?
4
Let f be ((-30)/7)/(7/49). What is the units digit of ((-8)/(-6))/((-4)/f)?
0
Let y(j) = j**3 - 2*j**2 + j - 6. What is the units digit of y(3)?
6
Let q(w) = -w**2 + 13*w + 4. What is the tens digit of q(10)?
3
Let k = -48 - -89. What is the units digit of k?
1
Let d(y) = -y + 9. Suppose 2*s = 5*b + 23, 0 = 5*s + 3*b + b - 8. What is the units digit of d(s)?
5
What is the hundreds digit of ((-30)/(-60))/((-2)/(-912))?
2
Let i(n) = -n**3 - 10*n**2 - 6*n + 4. Let z be i(-6). Suppose -v + 18 = -0*v. What is the units digit of 4/18 - z/v?
6
Let d = 217 - 129. What is the units digit of d?
8
Suppose 94 = 5*s - 4*h, 4*s = h + 2*h + 76. What is the tens digit of s?
2
Suppose -4*s = 4*g - 2*s + 4, 3*g = -s - 1. Let y(l) = 34*l + 1. What is the units digit of y(g)?
5
What is the units digit of (-1*4)/((-48)/84)?
7
What is the units digit of ((-21)/6)/(1/(-2))?
7
Let c = -5 - -30. Let j = -14 + c. What is the tens digit of j?
1
Let c = 4 - 1. Suppose c*f + v = 9, -5*v = 6 + 9. Let j = f + 12. What is the tens digit of j?
1
Suppose -n + 1 = 3. What is the units digit of n*((-21)/6 - 0)?
7
Let m = 33 - -18. What is the units digit of m?
1
Let h(i) = -2*i - 16. Let n be (-27)/2 - 15/(-10). What is the units digit of h(n)?
8
Let k(m) = m**3 - 5*m - 11. What is the units digit of k(5)?
9
Suppose -5*k + 3*p = -39, k - 2*p = 2*k. Suppose 0 = -4*c + 7*c - k. What is the units digit of c?
2
Let d = -4 + 14. Suppose -2 = -w + 2*w. Let i = d + w. What is the units digit of i?
8
Suppose -x + 52 = x. What is the units digit of x?
6
Suppose 0 = -2*z + 3*z. Let u be 5*(14/5 + z). Let k = u + -4. What is the tens digit of k?
1
Let t(y) = -23*y + 2. Let g be t(-3). Suppose -s - 5*p = -4*s + g, -3*p = 4*s - 85. What is the tens digit of s?
2
Suppose u = -0*u + 12. What is the tens digit of u?
1
Suppose 20 = -y + 6*y. Suppose -4*f - y = 0, 0*q + 2*f = -2*q + 10. What is the units digit of q?
6
Let i(z) = z**2 + 7*z + 4. Let u be i(-5). What is the units digit of (-20)/(-15) - 262/u?
5
Let y(i) = -i**3 + 4*i**2 + 5*i + 3. Let m be y(4). Let b = m + -12. What is the tens digit of b?
1
What is the hundreds digit of (-646)/(-6) - (-4)/3?
1
Let y(l) = -7*l + 9. Let d be y(-4). Suppose 4*g - d = 35. What is the tens digit of g?
1
Let q = 8 + -5. Let m(v) = -5*v + v**3 + 3 + 2*v + 4*v**2 - 5*v**2. What is the tens digit of m(q)?
1
Suppose 774 = 4*p - 6. What is the hundreds digit of p?
1
Suppose 3*u = 5*u - 10. Suppose 2*v - 3 = u. What is the units digit of v?
4
Let k = -332 + 499. What is the hundreds digit of k?
1
Let q = 2 - -1. Suppose 4*k - 172 = -h, 71 - q = 2*k - 4*h. What is the units digit of k?
2
Let d = 121 + 65. What is the units digit of d?
6
Let r(t) = 2*t**3 - 2*t**2 - 2*t. Let n be r(2). Suppose 4*f - 3*x + 2*x - 8 = 0, -n*f - 3*x + 8 = 0. What is the units digit of (-1 + -1)/f - -5?
4
Let w(h) = 4*h**2 + 4*h - 1. Suppose 4*i - 4*r + 24 = 0, 15 = i - 3*i + 3*r. What is the units digit of w(i)?
3
Suppose u = -4*m + 345, 5*m - 444 = -0*u + 3*u. What is the units digit of m?
7
Let o(g) = g**3 - 3*g**2 + g + 2. Let y be o(2). Suppose y = -0*u - 3*u + 102. Suppose 4*a = -5*w + 27 + 41, 5*a = -2*w + u. What is the units digit of w?
2
Let k be (4/(-12))/(1/177). Let z = k + 99. Suppose -3*t = 5*l - z, -3*t - 10 + 56 = -l. What is the tens digit of t?
1
Let s be ((-324)/(-45))/(6/(-20)). What is the units digit of (s/3 - -4)/(-1)?
4
Suppose -5*u + 3 = y - 0, -u = -5*y + 15. Suppose u*b + 40 = 4*b. What is the tens digit of b?
1
Suppose 4*m - 23 = 141. What is the tens digit of m?
4
Let p(l) = 89*l**2 - 7*l - 10. Let s(r) = -30*r**2 + 2*r + 3. Let d(b) = -2*p(b) - 7*s(b). What is the tens digit of d(1)?
3
Suppose -2*s - 1 + 5 = 0. Suppose y = -5*x + 63, -4*x = 2 - 14. Suppose 3*q = 2*w - y + 11, w - s*q - 20 = 0. What is the units digit of w?
4
Suppose -2*a - 9 = -a. Suppose c + 6 = p, -3*c - 19 = 4*p - 8. What is the units digit of 0 - (p + 0 + a)?
8
Suppose -3*o = -8 - 4. Suppose -o*l - 93 + 20 = -3*c, -51 = -c - 4*l. What is the units digit of c?
1
Let w = -7 - -7. Suppose -3*h - 5*p - 16 + w = 0, -4*p = h + 10. Let x(i) = i**2 + i - 1. What is the units digit of x(h)?
1
Let x(c) be the third derivative of c**4/6 + c**2. Let g be x(1). Suppose g*q - 30 - 6 = 0. What is the units digit of q?
9
Let h(v) = -v**3 - 7*v**2 - 8*v - 8. Let t be h(-6). Let y = 4 - 3. Suppose -y - 19 = -t*b. What is the units digit of b?
5
Suppose y + 0*o - 21 = -2*o, -4*y + 105 = o. What is the units digit of y?
7
Let n = -1 + -1. Let z be 1 + (-3)/(-1) + n. Suppose -z*q + 4*q - 2 = 0. What is the units digit of q?
1
Suppose 4*n - 24 = 4*x, x + 3*x = n - 15. Let h(i) = -i - 4. Let s be h(x). What is the units digit of (-2)/(s - -3) - -7?
6
Let j(m) = -2*m + 4. Let w be j(-4). Let q be (-4)/(-5)*30/w. Suppose -5*b + 10 = 2*f, 7*b - q*b - 4*f - 40 = 0. What is the units digit of b?
4
Suppose 5*u = 10 + 10. Suppose -l - j + 3 = -0*j, -4*j - 13 = -l. Suppose 2*o + u*f = 22, l - 3 = f. What is the units digit of o?
7
Let k(h) = 2*h + 16. What is the units digit of k(0)?
6
Let k = -54 - -156. What is the units digit of k?
2
Let l(v) = -v**2 - 14*v + 2. What is the units digit of l(-11)?
5
Let m be (-1)/(3 - (-30)/(-9)). Suppose -m*o - o + 20 = 0. What is the units digit of o?
5
Let t(l) = 4*l - 5. What is the tens digit of t(4)?
1
Suppose 70 = 2*j + 36. What is